ommon divisor of b and 22.
11
Let x(l) = l + 111. Let k be x(-65). Let c be 3 - (24402/(-28) - (-1)/2). What is the highest common factor of k and c?
46
Let j = -420 + 423. Suppose -6*t + 56 = -232. Calculate the highest common divisor of j and t.
3
Let w(c) = -1665*c - 1455. Let r be w(-2). Calculate the highest common factor of r and 12.
3
Let x be ((-344)/14)/(-2) + (-2)/7. Let q be (-3)/x - 2452/(-16). Calculate the greatest common divisor of 17 and q.
17
Let t(b) = -12*b**3 + 2*b**2 + 36*b - 61. Let z be t(-5). What is the highest common factor of 5049 and z?
187
Let t be (27/(-24))/((-14)/336). Suppose 18*f + 1350 = t*f. Calculate the highest common factor of f and 30.
30
Let c(d) be the third derivative of 13*d**4/8 + 27*d**3/2 - 93*d**2. Let h be c(6). Calculate the greatest common divisor of h and 90.
45
Let p be (-1 - (-226)/(-8))*-12. Suppose 13*m - 31 = 3518. Suppose -3*k - 4*k + m = 0. What is the highest common divisor of k and p?
39
Suppose -5*w - u + 17476 = 0, -250*w = -254*w + 2*u + 13992. Calculate the highest common factor of 19 and w.
19
Let o(r) = -r**2 - 56*r + 186. Let f be o(3). What is the highest common divisor of 6 and f?
3
Let t(m) = -8*m - 5. Let g be t(-6). Let r(x) = 9*x + 7. Let k be r(-5). Let l = k + g. Calculate the greatest common factor of 45 and l.
5
Suppose 29*g - 8493 - 6099 = -9*g. What is the highest common factor of 57 and g?
3
Let b = -93 + 33. Let p = b - -67. Suppose 4*h = 335 - 27. Calculate the highest common divisor of p and h.
7
Suppose -9*q = -14*q - 225. Let x = 62 + q. Suppose -4*h + x + 3 = 0, -4*i + 131 = -5*h. What is the greatest common factor of i and 195?
39
Let n = 342 - 325. Suppose 41*m - 504 = n*m. Calculate the greatest common factor of m and 14.
7
Let z = -5 + 8. Let q be (-3 - -2)/z - 13/(-3). Suppose 0 = -12*j + 13*j - q. Calculate the highest common divisor of 2 and j.
2
Suppose -6 = -4*n + 14. Let y be (8/n)/((-64)/(-24480)). Suppose -16*u - u = -y. Calculate the greatest common factor of u and 72.
36
Let n(r) = -40*r - 2691. Let b be n(-100). What is the highest common divisor of b and 77?
77
Let j(w) = 49*w + 4359. Let s be j(-84). What is the greatest common factor of s and 117?
9
Let v be (-4 + -39)/(-13 - -12). Suppose -7600 = 3*f - v*f. What is the greatest common factor of f and 10?
10
Suppose 26*f = 18*f + 232. Suppose -2*g = 5*u - 537 - 51, -g = -4. Calculate the highest common factor of f and u.
29
Suppose 0 = -i + 2*f - 0 + 4, 3*i + 4*f - 22 = 0. Let p be i*1*78/12. Calculate the greatest common divisor of p and 52.
13
Suppose 3*w + j - 891 = -0*j, w - 2*j - 297 = 0. Let i = -22 + w. Calculate the greatest common factor of 55 and i.
55
Let u = -207 + 213. Let y = 89 - 45. Suppose u = 4*n + b - y, 20 = 2*n - 2*b. What is the highest common divisor of n and 4?
4
Let l(i) be the first derivative of i**3/3 + 3*i**2 + 24*i - 221. Let o be l(-8). What is the highest common divisor of o and 24?
8
Let r = -93 - -106. Suppose 19*z = r*z + 48. Let k = 146 - 74. What is the greatest common divisor of z and k?
8
Let b(g) = -83*g**2 - 17*g + 26. Let s be b(2). Let a = s - -360. What is the greatest common factor of a and 30?
10
Let v be 5/(-1) - -2*396/8. Suppose 2*g - c - 190 = -11, -g + 2*c = -v. Calculate the greatest common divisor of g and 24.
8
Let m = -388 + 699. Let u = m - 269. What is the greatest common divisor of 21 and u?
21
Let x = 4 - 0. Let o = 15 - x. Suppose 21 = r + 3*u + 1, 0 = -3*r - 2*u + 39. Calculate the greatest common divisor of r and o.
11
Let z = -90 - 199. Let r = z + 315. What is the greatest common divisor of r and 442?
26
Suppose -4*q = -4*y - 19828, -4*y + 4 + 8 = 0. What is the highest common divisor of q and 155?
155
Let h = 298 + -185. Let x = h + -102. Calculate the greatest common divisor of 374 and x.
11
Let c be 56/(-560) - 1121/(-10). Calculate the greatest common factor of 693 and c.
7
Let g(b) = 7*b**2 + 12*b - 33. Suppose 2 = 12*m - 58. Let s be g(m). Calculate the highest common divisor of 2 and s.
2
Let i(x) be the first derivative of x**3/3 + 2*x**2 + 18*x + 7. Let s be i(5). What is the highest common divisor of 7 and s?
7
Let u be -3*(-4)/14*73920/66. What is the greatest common divisor of u and 435?
15
Let y be (2/4*-1)/((-30)/240). Suppose 0*x + 5*x + 26 = y*i, 0 = 2*i + 4*x. Suppose i*h + 29 = 209. What is the highest common divisor of 27 and h?
9
Suppose 6*n + 975 = 3*n. Let a = -53 - n. Calculate the highest common divisor of a and 48.
16
Let c(t) = 13*t + 12. Let h(r) = r**2 - 13*r - 13. Let i(z) = 6*c(z) + 5*h(z). Let b be i(6). What is the highest common divisor of 106 and b?
53
Let b(m) = -50 + 47 + 2*m + m + 3*m**2 - 5*m. Let s be b(3). Suppose -3*j = -5*k - 542 - 67, j + 5*k = 183. What is the greatest common divisor of s and j?
18
Let p be (-14)/6*15/(-5). Let o be (-6)/(-2) - 126/1. Let r = -67 - o. What is the highest common factor of r and p?
7
Let t = 3542 + -3452. What is the highest common divisor of t and 2790?
90
Suppose -400*d + 440*d = 1040. Calculate the highest common factor of 11531 and d.
13
Suppose 17 = -5*x + 122. Let q(g) = -g**3 + g**2 - 21*g - 66. Let j be q(-5). What is the highest common factor of x and j?
21
Let r(f) = -f**2 + 6*f + 21. Let h be r(9). Let i be 2/((-8)/(-12))*(-56)/h. Calculate the highest common divisor of i and 4.
4
Let n(f) = 205*f - 2273. Let m be n(13). What is the greatest common factor of m and 640?
8
Suppose 84 = -5*y + 11*y. Suppose 0 = 33*o - y*o - 342. Calculate the greatest common factor of o and 60.
6
Let m(j) be the second derivative of -18*j + 0*j**2 + 0 - 1/2*j**3. Let s be m(-6). Calculate the greatest common divisor of s and 9.
9
Let l = -9 + 10. Let u(b) = -3*b - 9. Let i be u(-3). Suppose -2*x + x + 11 = i. What is the highest common factor of l and x?
1
Let a be (-2014)/(-6) + 5/(-9 + 24). Calculate the highest common divisor of a and 2856.
168
Suppose -8*y - 16*y = -0*y - 40344. Calculate the greatest common factor of 123 and y.
41
Suppose 0*b + 3*b = 54. Let y be 1*(-33)/(-9)*b. Let d = -192 + 236. What is the highest common divisor of y and d?
22
Let h = 7555 + -7535. Calculate the highest common divisor of h and 2930.
10
Let d(s) = -s - 4. Let f be d(-4). Let h = -19 - f. Let t be 15 + h + (-1 - -237). What is the greatest common factor of 29 and t?
29
Suppose -46*w = -44*w + 88. Let h = w - -191. Calculate the highest common divisor of h and 21.
21
Let s = 8362 + -5548. Calculate the greatest common factor of 12 and s.
6
Let i = 236 + 427. Suppose 28*s - i = 15*s. Calculate the greatest common divisor of s and 85.
17
Let z be 2/4 - (-4 - 1/2). Suppose -45 = -z*m - o, -23 = -8*m + 7*m - 3*o. Calculate the greatest common factor of m and 12.
4
Suppose 0 = 3*r - 122 + 104, 0 = 3*h + 2*r - 867. Calculate the greatest common factor of h and 690.
15
Let g be -2 + (-4 - -3)*-9. Suppose g = -3*q + 1. Let x = 20 - q. What is the highest common factor of x and 2?
2
Let h be 37/((-1221)/1023) - -32. Let l = 29 - 20. What is the greatest common factor of l and h?
1
Suppose -4*c + 349 = -813 - 378. What is the greatest common divisor of 5467 and c?
77
Let i(v) = 228*v - 92. Let p be i(1). Calculate the highest common divisor of p and 1394.
34
Let c be (1089/(-8470) - (-1)/(-14)) + (-696)/(-5). Calculate the greatest common factor of 11259 and c.
139
Let l(k) = -1923*k + 11791. Let z be l(6). Suppose -2*r + 15 + 57 = 4*c, -5*r = -3*c - 232. Calculate the greatest common divisor of r and z.
11
Suppose 129*x - 128*x - 5093 = -3*f, -2*f + 5*x + 3435 = 0. What is the greatest common factor of f and 612?
68
Let n = 4232 + -4205. Calculate the highest common factor of n and 5724.
27
Suppose 11*p - 367 = -103. Let x be 4220/16 - (-3)/12. What is the greatest common divisor of p and x?
24
Suppose 4*i = 373 - 93. Suppose 2*t + t = 2*a - i, -5*a - 5*t = -150. Let z be ((-64)/20)/(3/(-15)). Calculate the greatest common divisor of a and z.
16
Let r = -19722 + 21207. What is the highest common divisor of r and 4554?
99
Let p = -2328 + 3063. Calculate the greatest common divisor of p and 75.
15
Suppose -6*l - 58 = -148. Let a be 12/l*(-1 + 11). What is the greatest common divisor of 4 and a?
4
Let m(q) = 28*q - 753 + 218 + 158 + 267. Let d be m(5). Suppose -2*t - 150 = -4*t. 